 digit of 14035?
1
What is the units digit of 30259?
9
What is the ten thousands digit of 11438?
1
What is the units digit of 931?
1
What is the units digit of 6622?
2
What is the tens digit of 790?
9
What is the tens digit of 71315?
1
What is the units digit of 141618?
8
What is the hundreds digit of 1252?
2
What is the ten thousands digit of 19434?
1
What is the hundreds digit of 4558?
5
What is the tens digit of 30527?
2
What is the hundreds digit of 3856?
8
What is the thousands digit of 50270?
0
What is the units digit of 960?
0
What is the thousands digit of 92508?
2
What is the hundreds digit of 6314?
3
What is the tens digit of 6573?
7
What is the tens digit of 871?
7
What is the ten thousands digit of 27480?
2
What is the tens digit of 21255?
5
What is the tens digit of 348?
4
What is the tens digit of 94213?
1
What is the hundreds digit of 2510?
5
What is the ten thousands digit of 28361?
2
What is the hundreds digit of 7119?
1
What is the units digit of 36958?
8
What is the units digit of 583?
3
What is the units digit of 6434?
4
What is the tens digit of 7333?
3
What is the units digit of 9911?
1
What is the hundreds digit of 5245?
2
What is the hundreds digit of 4278?
2
What is the ten thousands digit of 24616?
2
What is the units digit of 1045?
5
What is the hundreds digit of 26412?
4
What is the hundreds digit of 13701?
7
What is the units digit of 54966?
6
What is the tens digit of 1134?
3
What is the thousands digit of 2294?
2
What is the tens digit of 4764?
6
What is the hundreds digit of 52137?
1
What is the units digit of 30231?
1
What is the tens digit of 444?
4
What is the tens digit of 12267?
6
What is the hundreds digit of 40012?
0
What is the thousands digit of 13345?
3
What is the units digit of 15716?
6
What is the tens digit of 8290?
9
What is the thousands digit of 2532?
2
What is the units digit of 822?
2
What is the hundreds digit of 14727?
7
What is the units digit of 939?
9
What is the ten thousands digit of 24850?
2
What is the thousands digit of 2977?
2
What is the hundreds digit of 5831?
8
What is the hundreds digit of 36058?
0
What is the tens digit of 1965?
6
What is the thousands digit of 4484?
4
What is the units digit of 985?
5
What is the units digit of 32795?
5
What is the ten thousands digit of 12690?
1
What is the units digit of 48303?
3
What is the thousands digit of 1894?
1
What is the units digit of 660?
0
What is the units digit of 726?
6
What is the units digit of 23386?
6
What is the ten thousands digit of 11862?
1
What is the tens digit of 384?
8
What is the hundreds digit of 1374?
3
What is the hundreds digit of 41993?
9
What is the thousands digit of 5637?
5
What is the hundreds digit of 5078?
0
What is the hundreds digit of 297?
2
What is the tens digit of 924?
2
What is the tens digit of 1032?
3
What is the thousands digit of 5265?
5
What is the units digit of 9613?
3
What is the hundreds digit of 444?
4
What is the thousands digit of 7989?
7
What is the hundreds digit of 87507?
5
What is the units digit of 24550?
0
What is the units digit of 39152?
2
What is the ten thousands digit of 13037?
1
What is the hundreds digit of 19677?
6
What is the units digit of 25699?
9
What is the thousands digit of 6282?
6
What is the hundreds digit of 20053?
0
What is the units digit of 10614?
4
What is the hundreds digit of 3086?
0
What is the units digit of 7427?
7
What is the units digit of 136160?
0
What is the hundreds digit of 3882?
8
What is the hundreds digit of 142?
1
What is the hundreds digit of 127?
1
What is the hundreds digit of 25844?
8
What is the thousands digit of 46762?
6
What is the tens digit of 56261?
6
What is the tens digit of 16717?
1
What is the hundreds digit of 63732?
7
What is the units digit of 884?
4
What is the hundreds digit of 8327?
3
What is the units digit of 3117?
7
What is the units digit of 532?
2
What is the thousands digit of 2032?
2
What is the tens digit of 6944?
4
What is the hundreds digit of 4012?
0
What is the units digit of 7025?
5
What is the units digit of 240?
0
What is the tens digit of 302?
0
What is the thousands digit of 9730?
9
What is the hundreds digit of 11158?
1
What is the hundreds digit of 1131?
1
What is the tens digit of 7428?
2
What is the tens digit of 1199?
9
What is the thousands digit of 1518?
1
What is the ten thousands digit of 52491?
5
What is the units digit of 9428?
8
What is the thousands digit of 45366?
5
What is the hundreds digit of 24106?
1
What is the units digit of 19812?
2
What is the tens digit of 7265?
6
What is the hundreds digit of 2165?
1
What is the thousands digit of 86639?
6
What is the hundreds digit of 6641?
6
What is the units digit of 905?
5
What is the units digit of 43552?
2
What is the tens digit of 28488?
8
What is the units digit of 15268?
8
What is the ten thousands digit of 10930?
1
What is the units digit of 8206?
6
What is the hundreds digit of 11085?
0
What is the units digit of 20229?
9
What is the hundreds digit of 1920?
9
What is the units digit of 1450?
0
What is the tens digit of 22962?
6
What is the tens digit of 3118?
1
What is the thousands digit of 21940?
1
What is the hundreds digit of 14585?
5
What is the tens digit of 108206?
0
What is the tens digit of 32139?
3
What is the thousands digit of 4122?
4
What is the units digit of 5837?
7
What is the tens digit of 50112?
1
What is the tens digit of 72526?
2
What is the thousands digit of 101100?
1
What is the hundreds digit of 4401?
4
What is the units digit of 753?
3
What is the ten thousands digit of 24398?
2
What is the thousands digit of 1043?
1
What is the ten thousands digit of 58428?
5
What is the thousands digit of 1053?
1
What is the units digit of 27926?
6
What is the thousands digit of 10208?
0
What is the hundreds digit of 17948?
9
What is the tens digit of 153?
5
What is the hundreds digit of 58556?
5
What is the hundreds digit of 26748?
7
What is the hundreds digit of 2557?
5
What is the units digit of 946?
6
What is the thousands digit of 23234?
3
What is the units digit of 587?
7
What is the hundreds digit of 11682?
6
What is the units digit of 781?
1
What is the tens digit of 2786?
8
What is the hundreds digit of 97796?
7
What is the hundreds digit of 198?
1
What is the tens digit of 1272?
7
What is the tens digit of 106?
0
What is the hundreds digit of 110199?
1
What is the thousands digit of 23083?
3
What is the thousands digit of 29856?
9
What is the units digit of 6061?
1
What is the hundreds digit of 459?
4
What is the thousands digit of 22378?
2
What is the hundreds digit of 7269?
2
What is the thousands digit of 1597?
1
What is the hundreds digit of 987?
9
What is the hundreds digit of 5380?
3
What is the units digit of 1990?
0
What is the units digit of 109045?
5
What is the units digit of 55624?
4
What is the thousands digit of 3407?
3
What is the units digit of 691?
1
What is the units digit of 9078?
8
What is the thousands digit of 7610?
7
What is the units digit of 74484?
4
What is the hundreds digit of 4845?
8
What is the units digit of 2199?
9
What is the tens digit of 7897?
9
What is the units digit of 22085?
5
What is the units digit of 3500?
0
What is the units digit of 802?
2
What is the ten thousands digit of 21984?
2
What is the hundreds digit of 890?
8
What is the units digit of 378?
8
What is the units digit of 278?
8
What is the tens digit of 37742?
4
What is the hundreds digit of 4821?
8
What is the hundreds digit of 782?
7
What is the units digit of 13110?
0
What is the hundreds digit of 15290?
2
What is the tens digit of 7388?
8
What is the units digit of 12822?
2
What is the units digit of 2479?
9
What is the thousands digit of 43129?
3
What is the units digit of 2460?
0
What is the tens digit of 1252?
5
What is the tens digit of 18958?
5
What is the hundreds digit of 1800?
8
What is the ten thousands digit of 31956?
3
What is the tens digit of 2419?
1
What is the thousands digit of 43546?
3
What is the ten thousands digit of 95132?
9
What is the tens digit of 2761?
6
What is the units digit of 18343?
3
What is the thousands digit of 3673?
3
What is the hundreds digit of 1127?
1
What is the tens digit of 54353?
5
What is the tens digit of 78551?
5
What is the hundreds digit of 1665?
6
What is the